 14*o - 14. What is the remainder when ((-27)/(-4))/(u/(-8)) is divided by f(2)?
13
Suppose -2*x - 2*t = -7*x + 6, 0 = -5*x - t + 12. Suppose x*n = -3*n + 30. Suppose -11 = 3*z - 62. What is the remainder when z is divided by n?
5
Let c(m) = -55*m**3 - 2*m**2 - 3*m - 2. What is the remainder when c(-1) is divided by 28?
26
Let f = 81 - 61. What is the remainder when 38 is divided by f?
18
Let i(z) = -z + 16. Let u be i(12). Suppose -4 = -u*b - 0. Suppose -3*v + 0*v = p - 5, v + 5*p = -3. Calculate the remainder when v is divided by b.
0
Let v(l) = l**2 + 8*l - 21. Let m(b) = 1. Let k(g) = -6*m(g) - v(g). Calculate the remainder when 42 is divided by k(-7).
20
Let z(u) = 6 + 7*u + u**2 + 3 - 1. Let w be z(-6). Let h(j) = 6*j - 2. Calculate the remainder when 19 is divided by h(w).
9
Let v(i) = 14*i**2 + 4*i + 2. Let h be (-1)/(-6) - (-356)/24. Suppose -c + 5*t + 7 + h = 0, -5*c - t + 84 = 0. What is the remainder when v(-2) is divided by c?
16
Let k(v) = -3*v + 2*v - 3 + v + v. Calculate the remainder when 20 is divided by k(10).
6
Suppose -109 = x + 2*l, -5*x - 3*l = l + 545. Let i = 186 + x. Calculate the remainder when i is divided by 20.
17
Let p(s) = -s**3 - 16*s**2 - 17*s + 4. What is the remainder when p(-15) is divided by (-18)/(-12) - 22/(-4)?
6
Let x(n) = -8*n - 3. Let d(s) = 2*s + 11. Let o be d(-9). Calculate the remainder when x(o) is divided by 14.
11
Let a(y) = -y**2 + 28*y + 15. Calculate the remainder when 166 is divided by a(27).
40
Let y = -1 - -29. Suppose 3*t - 20 = -5*o, -6*t + 4*t + 14 = 3*o. Calculate the remainder when y is divided by t.
8
Let i be 5*((-32)/5)/(-4). Let a(z) = -z**3 + 9*z**2 - 7*z - 2. Calculate the remainder when a(i) is divided by 2.
0
Let a be 3/(6/2) + -3. Let q be (a + 1 + 1)/(-2). Suppose 0 = 5*k - q*k - 10. Calculate the remainder when k is divided by 1.
0
Let c = 59 + 4. Let i(w) = 10*w + 2. Calculate the remainder when c is divided by i(2).
19
Let d(v) = -v**2 + 5*v - 4. Suppose 0 = 5*c - 21 - 4. Let s = -3 + c. What is the remainder when s is divided by d(3)?
0
Suppose -2*n = -0*k - 5*k - 77, k + 73 = 2*n. What is the remainder when n is divided by 19?
17
Suppose -3*g - 3 = 2*f - 1, -5*f = -3*g - 16. Let n = 1 - g. What is the remainder when 4 is divided by n?
1
Suppose -3*i - i = -4*p - 8, i + 3*p - 22 = 0. Suppose q + 6*z = 2*z - 7, 3*z + 41 = 2*q. Calculate the remainder when q is divided by i.
6
Let x(u) = -u**2 - 13*u - 1. Suppose -26 = 4*d + 14. What is the remainder when x(d) is divided by 10?
9
Suppose 11*g - 37 = 10*g. What is the remainder when 72 is divided by g?
35
Suppose -62 = -3*g - 26. Calculate the remainder when g is divided by 5.
2
Let f = -93 + 162. Suppose s - f + 24 = 0. Calculate the remainder when s is divided by 16.
13
Suppose w + h = 28, w - 5*h = -0 + 22. Let u be 4/(2/3*3). Suppose -21 = -u*j - j. What is the remainder when w is divided by j?
6
Let x(c) = 2*c**2 + 7*c + 5. Let o be x(-4). Let g = o + 0. Calculate the remainder when 17 is divided by g.
8
Suppose -3*o = 0, 0*z - z + 5*o + 34 = 0. Suppose -4*u + 59 = -33. Let t = 35 - u. What is the remainder when z is divided by t?
10
Let k(f) = -f**3 + 4*f**2 + 2*f - 2. Suppose 9*g - 16 = 5*g. Calculate the remainder when -1 + (-3)/(-2)*12 is divided by k(g).
5
Let d = -238 + 390. What is the remainder when d is divided by 9?
8
Suppose 4*i + 14 = -6. Let n = i - -8. Suppose 3*y - 3*f = 12, 2*y - 4*f = n*y + 1. What is the remainder when y is divided by 2?
1
Suppose h = 2*h - 352. Suppose -3*a = 5*v - 290, -88 = 4*v - 4*a - h. Calculate the remainder when v is divided by 16.
13
Suppose -56 = -4*t + 20. Let p = t - 8. Calculate the remainder when p is divided by (8/(-10))/(2/(-15)).
5
Suppose 4*m + 4*a - 16 = 0, 4*m - a = 4*a - 2. Suppose -28 = -3*s + f, -m*s + 2*f = f - 17. Calculate the remainder when s is divided by 7.
4
Let k(t) = 4*t**2 - 4*t + 3. Let i(j) = -2*j**2 - 3. Let y be i(-3). Let h = 41 + y. Calculate the remainder when h is divided by k(2).
9
Let c(o) = 2*o**2 + 3 - 5 - o**3 + 0*o**2 + 4*o - 2*o. Calculate the remainder when 18 is divided by c(-2).
8
Suppose -5*f - 20 + 125 = 0. Calculate the remainder when 37 is divided by f.
16
Suppose 5 = 2*d - 29. What is the remainder when d is divided by 6?
5
Let d(o) = o**3 + o**2 - 2*o + 6. Let y be d(5). What is the remainder when 30 is divided by y/9 - 2/9?
14
Suppose 0 = t - 0*t. Suppose v - 2*v = t. What is the remainder when (40 - 2) + v + -1 is divided by 13?
11
Suppose 3*n - 14 = 1. Suppose -5*m - 2*l + 21 = 0, 30 = 3*m + m - n*l. What is the remainder when m is divided by 2?
1
Let u(i) = 2*i**3 - 3*i**2 + 2*i + 2. Let o(a) = -4*a + 3. What is the remainder when u(2) is divided by o(0)?
1
Let a = 29 - 26. Calculate the remainder when 12 is divided by a.
0
Suppose 445 = 5*k + w, k + 4*w - 58 - 12 = 0. Let h = k - 51. Suppose 3*r + 0*r - h = 0. What is the remainder when r is divided by 7?
6
Suppose -36 + 9 = -3*c. Suppose d = 4*d - c. Suppose 91 = d*w - 5*j, -3*w + 2*j - 6*j + 100 = 0. Calculate the remainder when w is divided by 11.
10
Let q(z) = 2*z**2 - 4*z. Let b be q(10). Suppose 0 = 3*x + x - b. Calculate the remainder when x is divided by 14.
12
Let c(b) be the third derivative of 7*b**4/24 - 4*b**2. Let g(a) = -a**3 + 2*a**2 + 4*a - 2. Let l be g(3). Calculate the remainder when 20 is divided by c(l).
6
Let f = -92 - -157. Calculate the remainder when f is divided by 20.
5
Suppose -4*d = -d + 24. Let u(c) = -2*c - 9. Let o be u(d). Let f(b) = b + 1. What is the remainder when f(o) is divided by 5?
3
Suppose 0 = -3*t + 6, 10 = 3*v - t - 15. Suppose -2*p + 3*c + 5 = -v, -2*c + 54 = 5*p. Let k = -38 + 56. What is the remainder when k is divided by p?
8
Suppose -2*f + 38 = -0*y + 3*y, y = 0. Let c = 40 - 29. What is the remainder when f is divided by c?
8
Let i = -35 + 36. What is the remainder when 3 is divided by i?
0
Let d(k) be the second derivative of -k**3/2 + 7*k**2/2 + 6*k. What is the remainder when d(-5) is divided by 6?
4
Suppose -w = 26 - 54. What is the remainder when w is divided by 16?
12
Let h(i) = 2*i**2 - 2. Let c be h(-2). Let u = c - 9. Let y(o) = -o**3 - 3*o**2 - 2*o + 2. Calculate the remainder when 23 is divided by y(u).
7
Let j(w) = 2*w - 1. Let q be j(2). Suppose 3*a = z - 16, -q*z = a - 0*a - 68. Calculate the remainder when 64 is divided by z.
20
Let j = -2 - -2. Suppose 5*b + 69 = n, -2*b + b - 4 = j. Calculate the remainder when n is divided by 17.
15
Let j = 194 - 136. Calculate the remainder when j is divided by 32.
26
Let s = -5 - -8. Suppose 2*n - 22 = -4*k, -2 = -s*n - 2*k + 23. Let b = 209 - 197. Calculate the remainder when b is divided by n.
5
Let p = -50 - -81. Suppose 4*r = -t + 28, -3*r + p = 2*t - 0*r. Calculate the remainder when 31 is divided by t.
7
Let g be (-49)/(-6) - 7/42. Calculate the remainder when 46 is divided by 297/12 - 6/g.
22
Let r(s) = -3*s + 3. Let g(w) = -w + 4 + 11*w - 4*w - 5*w. Calculate the remainder when r(-5) is divided by g(6).
8
Suppose -r + 2*r - 17 = 0. Suppose 0 = -m - 5*u + 39, -3*m + 0*u = -2*u - 151. What is the remainder when m is divided by r?
15
Let r(w) = -w + 11. Let t be r(11). Calculate the remainder when t - 0 - 1 - -44 is divided by 11.
10
Let h(p) = p - 17. Let q be h(12). Let g = q + 33. Calculate the remainder when g is divided by 6.
4
Let p be (-17)/(-3) - (-6)/(-9). Suppose 6*g - p*a = 2*g - 28, -g - 2*a + 6 = 0. Calculate the remainder when 4/g - (-21 + 1) is divided by 10.
8
Let c = 10 - 6. What is the remainder when (37/(-2))/(c/(-8)) is divided by (-76)/(-6) + (-2)/(-6)?
11
Let j(n) = -n**2 + 5*n + 3. Let r = -5 + 8. Let p(z) = 4*z**2 - 14*z - 8. Let l(b) = r*p(b) + 8*j(b). What is the remainder when l(2) is divided by 7?
5
Suppose w - 2*f - 6 = -4*f, -2*f - 64 = -4*w. Suppose -5*y = -485 + 90. What is the remainder when y/2 + 5/10 is divided by w?
12
Let j(k) = -55*k. Let a(y) = -14*y. Let s(c) = 11*a(c) - 3*j(c). Suppose -56 = -5*g - n, -4*n - 2 + 10 = 2*g. Calculate the remainder when s(2) is divided by g.
10
Let r be ((-16)/(-10))/(4/(-20)). Let g(k) = k**2 + 4*k - 11. Calculate the remainder when 40 is divided by g(r).
19
Suppose -3*c = -5*b + 66, 0*b - 3*b = -3*c - 36. What is the remainder when 29 is divided by b?
14
Let j be (-7 - -4) + 0 + 0. Let 